{"version":"1.0","provider_name":"Association Afiddes","provider_url":"https:\/\/asso-afiddes.fr","author_name":"Afiddes","author_url":"https:\/\/asso-afiddes.fr\/index.php\/author\/afiddes\/","title":"Festival culturel Toraja - Association Afiddes","type":"rich","width":600,"height":338,"html":"<blockquote class=\"wp-embedded-content\" data-secret=\"akV6lieXgn\"><a href=\"https:\/\/asso-afiddes.fr\/index.php\/festival-culturel-toraja\/\">Festival culturel Toraja<\/a><\/blockquote><iframe sandbox=\"allow-scripts\" security=\"restricted\" src=\"https:\/\/asso-afiddes.fr\/index.php\/festival-culturel-toraja\/embed\/#?secret=akV6lieXgn\" width=\"600\" height=\"338\" title=\"\u00ab\u00a0Festival culturel Toraja\u00a0\u00bb &#8212; Association Afiddes\" data-secret=\"akV6lieXgn\" frameborder=\"0\" marginwidth=\"0\" marginheight=\"0\" scrolling=\"no\" class=\"wp-embedded-content\"><\/iframe><script type=\"text\/javascript\">\n\/* <![CDATA[ *\/\n\/*! This file is auto-generated *\/\n!function(d,l){\"use strict\";l.querySelector&&d.addEventListener&&\"undefined\"!=typeof URL&&(d.wp=d.wp||{},d.wp.receiveEmbedMessage||(d.wp.receiveEmbedMessage=function(e){var t=e.data;if((t||t.secret||t.message||t.value)&&!\/[^a-zA-Z0-9]\/.test(t.secret)){for(var s,r,n,a=l.querySelectorAll('iframe[data-secret=\"'+t.secret+'\"]'),o=l.querySelectorAll('blockquote[data-secret=\"'+t.secret+'\"]'),c=new RegExp(\"^https?:$\",\"i\"),i=0;i<o.length;i++)o[i].style.display=\"none\";for(i=0;i<a.length;i++)s=a[i],e.source===s.contentWindow&&(s.removeAttribute(\"style\"),\"height\"===t.message?(1e3<(r=parseInt(t.value,10))?r=1e3:~~r<200&&(r=200),s.height=r):\"link\"===t.message&&(r=new URL(s.getAttribute(\"src\")),n=new URL(t.value),c.test(n.protocol))&&n.host===r.host&&l.activeElement===s&&(d.top.location.href=t.value))}},d.addEventListener(\"message\",d.wp.receiveEmbedMessage,!1),l.addEventListener(\"DOMContentLoaded\",function(){for(var e,t,s=l.querySelectorAll(\"iframe.wp-embedded-content\"),r=0;r<s.length;r++)(t=(e=s[r]).getAttribute(\"data-secret\"))||(t=Math.random().toString(36).substring(2,12),e.src+=\"#?secret=\"+t,e.setAttribute(\"data-secret\",t)),e.contentWindow.postMessage({message:\"ready\",secret:t},\"*\")},!1)))}(window,document);\n\/\/# sourceURL=https:\/\/asso-afiddes.fr\/wp-includes\/js\/wp-embed.min.js\n\/* ]]> *\/\n<\/script>\n","description":"Les couleurs indon\u00e9siennes ont illumin\u00e9 Le Triskel :\u00a0 Le 26 octobre 2022, apr\u00e8s deux ans d\u2019attente li\u00e9s au COVID-19, AFIDDES \u00e0 enfin pu f\u00eater ses 10 ans. C\u2019\u00e9tait l\u2019occasion de se retrouver autour d\u2019un \u00e9v\u00e8nement majeur. En effet, la pr\u00e9sidente de l\u2019association s\u2019est vu remettre le titre de grand chef toraja d\u2019Europe! La premi\u00e8re officialisation [&hellip;]"}

Les couleurs indonésiennes ont illuminé Le Triskel :  Le 26 octobre 2022, après deux ans d’attente liés au COVID-19, AFIDDES à enfin pu fêter ses 10 ans. C’était l’occasion de se retrouver autour d’un évènement majeur. En effet, la présidente de l’association s’est vu remettre le titre de grand chef toraja d’Europe! La première officialisation [&hellip;]
